{"id":2,"date":"2022-11-03T20:01:29","date_gmt":"2022-11-03T20:01:29","guid":{"rendered":"https:\/\/radiotripolo.com\/?page_id=2"},"modified":"2026-04-28T17:31:59","modified_gmt":"2026-04-28T17:31:59","slug":"sample-page","status":"publish","type":"page","link":"https:\/\/radiotripolo.com\/","title":{"rendered":""},"content":{"rendered":"\n<figure class=\"wp-block-image size-full is-resized\"><img decoding=\"async\" src=\"https:\/\/radiotripolo.com\/wp-content\/uploads\/2025\/06\/logo-nuevo-1.jpeg\" alt=\"\" class=\"wp-image-732\" style=\"width:249px;height:auto\"\/><\/figure>\n\n\n\n<p>Radiotripolo.com una radio para radioaficionados,entrevistas y charlas del tema.<\/p>\n\n\n\n<p>Si no escuchaste un programa mas abajo hay un reproductor de programas grabados y<\/p>\n\n\n\n<p>SDR de Grecia,Italia,EE.UU.Argentina y Brasil<\/p>\n\n\n\n<p>Primera radio.radiotripolo.com<\/p>\n\n\n\n<p>todo para el radioaficionado<\/p>\n\n\n<div class=\"aligncenter\"><div class=\"radio_player\" data-player-type=\"shortcode\"data-data=\"eyJpZCI6MSwidGl0bGUiOiJSYWRpb1RyaXBvbG8uY29tIiwic3RpY2t5IjpmYWxzZSwic3RhdHVzIjp0cnVlLCJza2luIjoic2tpbjIiLCJzdGF0aW9ucyI6W3sidGl0bGUiOiJSYWRpbyBUcmlwb2xvIiwic3RyZWFtIjoiaHR0cHM6XC9cL3N0cmVhbWluZzIuZWxpdGVjb211bmljYWNpb24uZXM6NjAzNFwvc3RyZWFtIiwidGh1bWJuYWlsIjoiaHR0cHM6XC9cL3JhZGlvdHJpcG9sby5jb21cL3dwLWNvbnRlbnRcL3VwbG9hZHNcLzIwMjRcLzAxXC9jcm9wcGVkLWxvZ28xLTEwMjR4MTAyNC0xLmpwZWcifV0sInBvcHVwX2ljb24iOmZhbHNlLCJwbGF5bGlzdF9pY29uIjpmYWxzZSwiaGlzdG9yeV9pY29uIjpmYWxzZSwidm9sdW1lX2NvbnRyb2wiOnRydWUsInBsYXllcl9zdGF0dXMiOnRydWUsInNob3dfYXJ0aXN0IjpmYWxzZSwic2hvd19hcnR3b3JrIjpmYWxzZSwicGxheWVyX3RleHQiOiJMaXN0ZW4gTGl2ZSIsIndpZHRoIjozNTAsIndpZHRoX21vYmlsZSI6MzIwLCJib3JkZXJfcmFkaXVzIjoxMCwiYmdfY29sb3IiOiIjNTU4MUE0IiwiYmdfaW1hZ2UiOiJodHRwczpcL1wvcmFkaW90cmlwb2xvLmNvbVwvd3AtY29udGVudFwvcGx1Z2luc1wvcmFkaW8tcGxheWVyXC9hc3NldHNcL2ltYWdlc1wvcGxheWVyLWJnLnBuZyIsImJnX3R5cGUiOiJjb2xvciIsImNvbG9yX3R5cGUiOiJzb2xpZCIsInRleHRfY29sb3IiOiIjZmZmIiwiYm94X3NoYWRvdyI6dHJ1ZSwiYm94X3NoYWRvd19oIjowLCJib3hfc2hhZG93X3YiOjI1LCJib3hfc2hhZG93X2JsdXIiOjIwLCJib3hfc2hhZG93X3NwcmVhZCI6LTI1LCJib3hfc2hhZG93X2NvbG9yIjoicmdiYSgwLCAwLCAwLCAwLjQ1KSIsImJveF9zaGFkb3dfdHlwZSI6IiIsIndpZHRoX2RldmljZSI6ImRlc2t0b3AifQ==\"><\/div><\/div>\n\n\n<p><\/p>\n\n\n\n<p><\/p>\n\n\n\n<p><\/p>\n\n\n\n<p>Yanky Lima una radio para<\/p>\n\n\n\n<p>radioaficionadas<\/p>\n\n\n<div class=\"aligncenter\"><div class=\"radio_player\" data-player-type=\"shortcode\"data-data=\"eyJpZCI6MTMsInRpdGxlIjoiUGxheWVyIFRpdGxlIiwic3RpY2t5IjpmYWxzZSwic3RhdHVzIjp0cnVlLCJza2luIjoic2tpbjIiLCJzdGF0aW9ucyI6W3sidGl0bGUiOiJwcm94aW1hbWVudGUgWUwiLCJzdHJlYW0iOiJodHRwczpcL1wvc3RyZWFtLnplbm8uZm1cL3Azd2x2c3B0emtvdnYiLCJ0aHVtYm5haWwiOiJodHRwczpcL1wvcmFkaW90cmlwb2xvLmNvbVwvd3AtY29udGVudFwvdXBsb2Fkc1wvMjAyNlwvMDFcL1lMLnBuZyJ9XSwicG9wdXBfaWNvbiI6ZmFsc2UsInBsYXlsaXN0X2ljb24iOmZhbHNlLCJoaXN0b3J5X2ljb24iOmZhbHNlLCJ2b2x1bWVfY29udHJvbCI6dHJ1ZSwicGxheWVyX3N0YXR1cyI6dHJ1ZSwic2hvd19hcnRpc3QiOmZhbHNlLCJzaG93X2FydHdvcmsiOmZhbHNlLCJwbGF5ZXJfdGV4dCI6Ikxpc3RlbiBMaXZlIiwid2lkdGgiOjM1MCwid2lkdGhfbW9iaWxlIjozMjAsImJvcmRlcl9yYWRpdXMiOjEwLCJiZ19jb2xvciI6IiM1NTgxQTQiLCJiZ19pbWFnZSI6Imh0dHBzOlwvXC9yYWRpb3RyaXBvbG8uY29tXC93cC1jb250ZW50XC9wbHVnaW5zXC9yYWRpby1wbGF5ZXJcL2Fzc2V0c1wvaW1hZ2VzXC9wbGF5ZXItYmcucG5nIiwiYmdfdHlwZSI6ImNvbG9yIiwiY29sb3JfdHlwZSI6InNvbGlkIiwidGV4dF9jb2xvciI6IiNmZmYiLCJib3hfc2hhZG93Ijp0cnVlLCJib3hfc2hhZG93X2giOjAsImJveF9zaGFkb3dfdiI6MjUsImJveF9zaGFkb3dfYmx1ciI6MjAsImJveF9zaGFkb3dfc3ByZWFkIjotMjUsImJveF9zaGFkb3dfY29sb3IiOiJyZ2JhKDAsIDAsIDAsIDAuNDUpIiwiYm94X3NoYWRvd190eXBlIjoiIiwid2lkdGhfZGV2aWNlIjoiZGVza3RvcCJ9\"><\/div><\/div>\n\n\n<p><\/p>\n\n\n\n<p><\/p>\n\n\n\n<p><\/p>\n\n\n\n<div class=\"wp-block-columns is-layout-flex wp-container-core-columns-is-layout-9d6595d7 wp-block-columns-is-layout-flex\">\n<div class=\"wp-block-column is-layout-flow wp-block-column-is-layout-flow\">\n<p>Tripolo Musica, que presenta una selecci\u00f3n especial de M\u00fasica Israel\u00ed, llevando los sonidos \u00fanicos de Israel a oyentes de todo el mundo.<\/p>\n\n\n<div class=\"aligncenter\"><div class=\"radio_player\" data-player-type=\"shortcode\"data-data=\"eyJpZCI6NSwidGl0bGUiOiJ0cmlwb2xvbXVzaWNhIiwic3RpY2t5IjpmYWxzZSwic3RhdHVzIjp0cnVlLCJza2luIjoic2tpbjIiLCJzdGF0aW9ucyI6W3sidGl0bGUiOiJ0cmlwb2xvbXVzaWNhIiwic3RyZWFtIjoiaHR0cHM6XC9cL3N0cmVhbS0xNTEuemVuby5mbVwvYmF0eXJucmE5a2J1dj96cz05a2wzWDk3SlRXZURDV1ZkWmRhbTVRIiwidGh1bWJuYWlsIjoiaHR0cHM6XC9cL3JhZGlvdHJpcG9sby5jb21cL3dwLWNvbnRlbnRcL3VwbG9hZHNcLzIwMjZcLzA0XC9XaGF0c0FwcC1JbWFnZS0yMDI2LTA0LTIwLWF0LTEyLjE4LjI3LmpwZWcifV0sInBvcHVwX2ljb24iOmZhbHNlLCJwbGF5bGlzdF9pY29uIjpmYWxzZSwiaGlzdG9yeV9pY29uIjpmYWxzZSwidm9sdW1lX2NvbnRyb2wiOnRydWUsInBsYXllcl9zdGF0dXMiOnRydWUsInNob3dfYXJ0aXN0IjpmYWxzZSwic2hvd19hcnR3b3JrIjpmYWxzZSwicGxheWVyX3RleHQiOiJMaXN0ZW4gTGl2ZSIsIndpZHRoIjozNTAsIndpZHRoX21vYmlsZSI6MzIwLCJib3JkZXJfcmFkaXVzIjoxMCwiYmdfY29sb3IiOiIjNTU4MUE0IiwiYmdfaW1hZ2UiOiJodHRwczpcL1wvcmFkaW90cmlwb2xvLmNvbVwvd3AtY29udGVudFwvcGx1Z2luc1wvcmFkaW8tcGxheWVyXC9hc3NldHNcL2ltYWdlc1wvcGxheWVyLWJnLnBuZyIsImJnX3R5cGUiOiJjb2xvciIsImNvbG9yX3R5cGUiOiJzb2xpZCIsInRleHRfY29sb3IiOiIjZmZmIiwiYm94X3NoYWRvdyI6dHJ1ZSwiYm94X3NoYWRvd19oIjowLCJib3hfc2hhZG93X3YiOjI1LCJib3hfc2hhZG93X2JsdXIiOjIwLCJib3hfc2hhZG93X3NwcmVhZCI6LTI1LCJib3hfc2hhZG93X2NvbG9yIjoicmdiYSgwLCAwLCAwLCAwLjQ1KSIsImJveF9zaGFkb3dfdHlwZSI6IiJ9\"><\/div><\/div>\n\n\n<p><\/p>\n\n\n\n<p>                                Radio humor,una radio para estar contento todo el dia.<\/p>\n\n\n\n<p><\/p>\n\n\n<div class=\"aligncenter\"><div class=\"radio_player\" data-player-type=\"shortcode\"data-data=\"eyJpZCI6NywidGl0bGUiOiJQbGF5ZXIgVGl0bGUiLCJzdGlja3kiOmZhbHNlLCJzdGF0dXMiOnRydWUsInNraW4iOiJza2luMiIsInN0YXRpb25zIjpbeyJ0aXRsZSI6IlJhZGlvIGh1bW9yIiwic3RyZWFtIjoiaHR0cHM6XC9cL3N0cmVhbS56ZW5vLmZtXC9kbmx1ejloOWJjMXR2IiwidGh1bWJuYWlsIjoiaHR0cHM6XC9cL3JhZGlvdHJpcG9sby5jb21cL3dwLWNvbnRlbnRcL3VwbG9hZHNcLzIwMjZcLzAyXC9QbGF5ZnVsLUZsYXQtTG9nby1EZXNpZ24ucG5nIn1dLCJwb3B1cF9pY29uIjpmYWxzZSwicGxheWxpc3RfaWNvbiI6ZmFsc2UsImhpc3RvcnlfaWNvbiI6ZmFsc2UsInZvbHVtZV9jb250cm9sIjp0cnVlLCJwbGF5ZXJfc3RhdHVzIjp0cnVlLCJzaG93X2FydGlzdCI6ZmFsc2UsInNob3dfYXJ0d29yayI6ZmFsc2UsInBsYXllcl90ZXh0IjoiTGlzdGVuIExpdmUiLCJ3aWR0aCI6MzUwLCJ3aWR0aF9tb2JpbGUiOjMyMCwiYm9yZGVyX3JhZGl1cyI6MTAsImJnX2NvbG9yIjoiIzU1ODFBNCIsImJnX2ltYWdlIjoiaHR0cHM6XC9cL3JhZGlvdHJpcG9sby5jb21cL3dwLWNvbnRlbnRcL3BsdWdpbnNcL3JhZGlvLXBsYXllclwvYXNzZXRzXC9pbWFnZXNcL3BsYXllci1iZy5wbmciLCJiZ190eXBlIjoiY29sb3IiLCJjb2xvcl90eXBlIjoic29saWQiLCJ0ZXh0X2NvbG9yIjoiI2ZmZiIsImJveF9zaGFkb3ciOnRydWUsImJveF9zaGFkb3dfaCI6MCwiYm94X3NoYWRvd192IjoyNSwiYm94X3NoYWRvd19ibHVyIjoyMCwiYm94X3NoYWRvd19zcHJlYWQiOi0yNSwiYm94X3NoYWRvd19jb2xvciI6InJnYmEoMCwgMCwgMCwgMC40NSkiLCJib3hfc2hhZG93X3R5cGUiOiIifQ==\"><\/div><\/div>\n\n\n<p>,<\/p>\n\n\n\n<p>,<\/p>\n\n\n\n<p><\/p>\n\n\n\n<p><\/p>\n\n\n\n<p>Musica para escuchar en tu casa o viajando<\/p>\n\n\n\n<p><\/p>\n\n\n\n<p><\/p>\n\n\n<div class=\"aligncenter\"><div class=\"radio_player\" data-player-type=\"shortcode\"data-data=\"eyJpZCI6NiwidGl0bGUiOiJTdXIgUGxheS5GTSIsInN0aWNreSI6ZmFsc2UsInN0YXR1cyI6dHJ1ZSwic2tpbiI6InNraW4yIiwic3RhdGlvbnMiOlt7InRpdGxlIjoiU3VyIFBsYXkuRk0iLCJzdHJlYW0iOiJodHRwczpcL1wvc3RyZWFtLnplbm8uZm1cL213NnZueHh3M2lkdHYiLCJ0aHVtYm5haWwiOiJodHRwczpcL1wvcmFkaW90cmlwb2xvLmNvbVwvd3AtY29udGVudFwvdXBsb2Fkc1wvMjAyNFwvMDNcL1doYXRzQXBwLUltYWdlLTIwMjQtMDMtMjctYXQtMTguMjEuMjYuanBlZyJ9XSwicG9wdXBfaWNvbiI6ZmFsc2UsInBsYXlsaXN0X2ljb24iOmZhbHNlLCJoaXN0b3J5X2ljb24iOmZhbHNlLCJ2b2x1bWVfY29udHJvbCI6dHJ1ZSwicGxheWVyX3N0YXR1cyI6dHJ1ZSwic2hvd19hcnRpc3QiOmZhbHNlLCJzaG93X2FydHdvcmsiOmZhbHNlLCJwbGF5ZXJfdGV4dCI6Ikxpc3RlbiBMaXZlIiwid2lkdGgiOjM1MCwid2lkdGhfbW9iaWxlIjozMjAsImJvcmRlcl9yYWRpdXMiOjEwLCJiZ19jb2xvciI6IiM1NTgxQTQiLCJiZ19pbWFnZSI6Imh0dHBzOlwvXC9yYWRpb3RyaXBvbG8uY29tXC93cC1jb250ZW50XC9wbHVnaW5zXC9yYWRpby1wbGF5ZXJcL2Fzc2V0c1wvaW1hZ2VzXC9wbGF5ZXItYmcucG5nIiwiYmdfdHlwZSI6ImNvbG9yIiwiY29sb3JfdHlwZSI6InNvbGlkIiwidGV4dF9jb2xvciI6IiNmZmYiLCJib3hfc2hhZG93Ijp0cnVlLCJib3hfc2hhZG93X2giOjAsImJveF9zaGFkb3dfdiI6MjUsImJveF9zaGFkb3dfYmx1ciI6MjAsImJveF9zaGFkb3dfc3ByZWFkIjotMjUsImJveF9zaGFkb3dfY29sb3IiOiJyZ2JhKDAsIDAsIDAsIDAuNDUpIiwiYm94X3NoYWRvd190eXBlIjoiIn0=\"><\/div><\/div>\n\n\n<p>..<\/p>\n\n\n\n<p>Folitre Radio Roquetas de Mar es una estaci\u00f3n de radio local ubicada en Roquetas de Mar, un hermoso pueblo costero de Almer\u00eda, Espa\u00f1a. <\/p>\n\n\n\n<p>.<\/p>\n\n\n<div class=\"aligncenter\"><div class=\"radio_player\" data-player-type=\"shortcode\"data-data=\"eyJpZCI6MiwidGl0bGUiOiJGb2xpdHJlIFJhZGlvLmVzIiwic3RpY2t5IjpmYWxzZSwic3RhdHVzIjp0cnVlLCJza2luIjoic2tpbjIiLCJzdGF0aW9ucyI6W3sidGl0bGUiOiJGb2xpdHJlcmFkaW8uZXMiLCJzdHJlYW0iOiJodHRwczpcL1wvc3RyZWFtLnplbm8uZm1cL3lhdTludDh1b2RydnYiLCJ0aHVtYm5haWwiOiJodHRwczpcL1wvcmFkaW90cmlwb2xvLmNvbVwvd3AtY29udGVudFwvdXBsb2Fkc1wvMjAyNlwvMDRcL2ZvbGl0cmUuanBnIn1dLCJwb3B1cF9pY29uIjpmYWxzZSwicGxheWxpc3RfaWNvbiI6ZmFsc2UsImhpc3RvcnlfaWNvbiI6ZmFsc2UsInZvbHVtZV9jb250cm9sIjp0cnVlLCJwbGF5ZXJfc3RhdHVzIjp0cnVlLCJzaG93X2FydGlzdCI6ZmFsc2UsInNob3dfYXJ0d29yayI6ZmFsc2UsInBsYXllcl90ZXh0IjoiTGlzdGVuIExpdmUiLCJ3aWR0aCI6MzUwLCJ3aWR0aF9tb2JpbGUiOjMyMCwiYm9yZGVyX3JhZGl1cyI6MTAsImJnX2NvbG9yIjoiIzU1ODFBNCIsImJnX2ltYWdlIjoiaHR0cHM6XC9cL3JhZGlvdHJpcG9sby5jb21cL3dwLWNvbnRlbnRcL3BsdWdpbnNcL3JhZGlvLXBsYXllclwvYXNzZXRzXC9pbWFnZXNcL3BsYXllci1iZy5wbmciLCJiZ190eXBlIjoiY29sb3IiLCJjb2xvcl90eXBlIjoic29saWQiLCJ0ZXh0X2NvbG9yIjoiI2ZmZiIsImJveF9zaGFkb3ciOnRydWUsImJveF9zaGFkb3dfaCI6MCwiYm94X3NoYWRvd192IjoyNSwiYm94X3NoYWRvd19ibHVyIjoyMCwiYm94X3NoYWRvd19zcHJlYWQiOi0yNSwiYm94X3NoYWRvd19jb2xvciI6InJnYmEoMCwgMCwgMCwgMC40NSkiLCJib3hfc2hhZG93X3R5cGUiOiIifQ==\"><\/div><\/div>\n\n\n<p><\/p>\n\n\n\n<p>.<\/p>\n\n\n\n<p>Musica directo de la Argentina<\/p>\n\n\n<div class=\"aligncenter\"><div class=\"radio_player\" data-player-type=\"shortcode\"data-data=\"eyJpZCI6MTEsInRpdGxlIjoiUGxheWVyIFRpdGxlIiwic3RpY2t5IjpmYWxzZSwic3RhdHVzIjp0cnVlLCJza2luIjoic2tpbjIiLCJzdGF0aW9ucyI6W3sidGl0bGUiOiJSYWRpbyBTYWVueiBQZVx1MDBmMWEiLCJzdHJlYW0iOiJodHRwczpcL1wvc3RyZWFtLTE1NC56ZW5vLmZtXC9zZXh5ZWFtcGJyenV2P3p0PWV5SmhiR2NpT2lKSVV6STFOaUo5LmV5SnpkSEpsWVcwaU9pSnpaWGg1WldGdGNHSnllblYySWl3aWFHOXpkQ0k2SW5OMGNtVmhiUzB4TlRRdWVtVnVieTVtYlNJc0luSjBkR3dpT2pVc0ltcDBhU0k2SWpseUxWazBSM1JFVkdOMU5uWmtZMHBTU0dWelIxRWlMQ0pwWVhRaU9qRTNNamsxTXpjd01UUXNJbVY0Y0NJNk1UY3lPVFV6TnpBM05IMC5HY2w3eEdOS2hvUVVZam43QWFxVUY2Tm5OSUpoWVRmWGFVb2k2N0VDRkswIiwidGh1bWJuYWlsIjoiaHR0cHM6XC9cL3JhZGlvdHJpcG9sby5jb21cL3dwLWNvbnRlbnRcL3VwbG9hZHNcLzIwMjRcLzEwXC9jaGFjby5qcGVnIn1dLCJwb3B1cF9pY29uIjpmYWxzZSwicGxheWxpc3RfaWNvbiI6ZmFsc2UsImhpc3RvcnlfaWNvbiI6ZmFsc2UsInZvbHVtZV9jb250cm9sIjp0cnVlLCJwbGF5ZXJfc3RhdHVzIjp0cnVlLCJzaG93X2FydGlzdCI6ZmFsc2UsInNob3dfYXJ0d29yayI6ZmFsc2UsInBsYXllcl90ZXh0IjoiTGlzdGVuIExpdmUiLCJ3aWR0aCI6MzUwLCJ3aWR0aF9tb2JpbGUiOjMyMCwiYm9yZGVyX3JhZGl1cyI6MTAsImJnX2NvbG9yIjoiIzU1ODFBNCIsImJnX2ltYWdlIjoiaHR0cHM6XC9cL3JhZGlvdHJpcG9sby5jb21cL3dwLWNvbnRlbnRcL3BsdWdpbnNcL3JhZGlvLXBsYXllclwvYXNzZXRzXC9pbWFnZXNcL3BsYXllci1iZy5wbmciLCJiZ190eXBlIjoiY29sb3IiLCJjb2xvcl90eXBlIjoic29saWQiLCJ0ZXh0X2NvbG9yIjoiI2ZmZiIsImJveF9zaGFkb3ciOnRydWUsImJveF9zaGFkb3dfaCI6MCwiYm94X3NoYWRvd192IjoyNSwiYm94X3NoYWRvd19ibHVyIjoyMCwiYm94X3NoYWRvd19zcHJlYWQiOi0yNSwiYm94X3NoYWRvd19jb2xvciI6InJnYmEoMCwgMCwgMCwgMC40NSkiLCJib3hfc2hhZG93X3R5cGUiOiIifQ==\"><\/div><\/div>\n\n\n<p><\/p>\n\n\n\n<p><\/p>\n\n\n<div class=\"aligncenter\"><div class=\"radio_player\" data-player-type=\"shortcode\"data-data=\"eyJpZCI6MTIsInRpdGxlIjoiUGxheWVyIFRpdGxlIiwic3RpY2t5IjpmYWxzZSwic3RhdHVzIjp0cnVlLCJza2luIjoic2tpbjIiLCJzdGF0aW9ucyI6W3sidGl0bGUiOiJMYSB1bmljYSBkZSBTYW50aWFnbyBkZWwgRXN0ZXJvIiwic3RyZWFtIjoiaHR0cHM6XC9cL3N0cmVhbS56ZW5vLmZtXC8zcG1vZzU1M3hhaXR2IiwidGh1bWJuYWlsIjoiaHR0cHM6XC9cL3JhZGlvdHJpcG9sby5jb21cL3dwLWNvbnRlbnRcL3VwbG9hZHNcLzIwMjRcLzEwXC9MYS1VbmljYS5qcGVnIn1dLCJwb3B1cF9pY29uIjpmYWxzZSwicGxheWxpc3RfaWNvbiI6ZmFsc2UsImhpc3RvcnlfaWNvbiI6ZmFsc2UsInZvbHVtZV9jb250cm9sIjp0cnVlLCJwbGF5ZXJfc3RhdHVzIjp0cnVlLCJzaG93X2FydGlzdCI6ZmFsc2UsInNob3dfYXJ0d29yayI6ZmFsc2UsInBsYXllcl90ZXh0IjoiTGlzdGVuIExpdmUiLCJ3aWR0aCI6MzUwLCJ3aWR0aF9tb2JpbGUiOjMyMCwiYm9yZGVyX3JhZGl1cyI6MTAsImJnX2NvbG9yIjoiIzU1ODFBNCIsImJnX2ltYWdlIjoiaHR0cHM6XC9cL3JhZGlvdHJpcG9sby5jb21cL3dwLWNvbnRlbnRcL3BsdWdpbnNcL3JhZGlvLXBsYXllclwvYXNzZXRzXC9pbWFnZXNcL3BsYXllci1iZy5wbmciLCJiZ190eXBlIjoiY29sb3IiLCJjb2xvcl90eXBlIjoic29saWQiLCJ0ZXh0X2NvbG9yIjoiI2ZmZiIsImJveF9zaGFkb3ciOnRydWUsImJveF9zaGFkb3dfaCI6MCwiYm94X3NoYWRvd192IjoyNSwiYm94X3NoYWRvd19ibHVyIjoyMCwiYm94X3NoYWRvd19zcHJlYWQiOi0yNSwiYm94X3NoYWRvd19jb2xvciI6InJnYmEoMCwgMCwgMCwgMC40NSkiLCJib3hfc2hhZG93X3R5cGUiOiIifQ==\"><\/div><\/div>\n\n\n<p>.<\/p>\n\n\n\n<p>SDR de Grecia pusar aqui <a href=\"http:\/\/sv3yy1.no-ip.org:8901\/\">http:\/\/sv3yy1.no-ip.org:8901\/<\/a> <\/p>\n\n\n\n<p>SDR de Italia pulsar aqui <a href=\"http:\/\/roma2sdr.ddns.net\/#\">http:\/\/roma2sdr.ddns.net\/#<\/a><\/p>\n\n\n\n<p>SDR de EE.UU pulsar aqui <a href=\"http:\/\/websdr1.kfsdr.com:8901\/\">http:\/\/websdr1.kfsdr.com:8901\/<\/a><\/p>\n\n\n\n<p>SDR de Brasil pusar aqui <a href=\"http:\/\/appr.org.br:8901\/\">http:\/\/appr.org.br:8901\/<\/a><\/p>\n\n\n\n<p><\/p>\n\n\n\n<p>SDR de Argentina pulsa aqui <a href=\"http:\/\/lu6psg.ddns.net\/\">http:\/\/lu6psg.ddns.net\/<\/a><\/p>\n\n\n\n<p>DX CLUSTER pulsar aqui se<\/p>\n\n\n\n<p>engancha la banda que quieres escuchar<\/p>\n\n\n\n<p><a href=\"https:\/\/www.dxfuncluster.com\">https:\/\/www.dxfuncluster.com<\/a><\/p>\n\n\n\n<IFRAME marginWidth=0 marginHeight=0 src=https:\/\/www.dxfuncluster.com\n\n\/cluster_new.html\nframeBorder=0 scrolling=no \nwidth=490 height=320><\/IFRAME>\n\n\n\n<p>Refleccion,De operadores a usuarios<\/p>\n\n\n\n<figure class=\"wp-block-audio\"><audio controls src=\"https:\/\/radiotripolo.com\/wp-content\/uploads\/2026\/04\/pro.mp3\"><\/audio><\/figure>\n\n\n\n<p>Entrevista a EC7AT en Cafe en frecuencia<\/p>\n\n\n\n<figure class=\"wp-block-audio\"><audio controls src=\"https:\/\/radiotripolo.com\/wp-content\/uploads\/2026\/04\/entrevista-a-EC7AT.mp3\"><\/audio><\/figure>\n\n\n\n<p>Los ruidos<\/p>\n\n\n\n<p>Programa Cafe en frecuencia 29\/03\/26<\/p>\n\n\n\n<figure class=\"wp-block-audio\"><audio controls src=\"https:\/\/radiotripolo.com\/wp-content\/uploads\/2026\/03\/26.mp3\"><\/audio><\/figure>\n\n\n\n<p>Las radios militares hoy en dia<\/p>\n\n\n\n<figure class=\"wp-block-audio\"><audio controls src=\"https:\/\/radiotripolo.com\/wp-content\/uploads\/2026\/03\/cafe-15-03-26.mp3\"><\/audio><\/figure>\n\n\n\n<p>Programa del 08&#8217;03&#8217;26<\/p>\n\n\n\n<p>Charla de los campamentos<\/p>\n\n\n\n<figure class=\"wp-block-audio\"><audio controls src=\"https:\/\/radiotripolo.com\/wp-content\/uploads\/2026\/03\/Cafe-08-03.mp3\"><\/audio><\/figure>\n\n\n\n<p>Entrevista al grupo Yankee Lima por Cafe en frecuencia<\/p>\n\n\n\n<figure class=\"wp-block-audio\"><audio controls src=\"https:\/\/radiotripolo.com\/wp-content\/uploads\/2026\/02\/cafe-con-yl.mp3\"><\/audio><\/figure>\n\n\n\n<p>Homenaje a Shaul 4Z9KGT en Cafe en frecuencia<\/p>\n\n\n\n<figure class=\"wp-block-audio\"><audio controls src=\"https:\/\/radiotripolo.com\/wp-content\/uploads\/2026\/02\/Homenaje-a-4Z9KGT-Shaul.mp3.mp3\"><\/audio><\/figure>\n\n\n\n<p>Entrevista a Juliana LU5OIJ de SaltaHomenaje a Shaul 4Z9KGT<\/p>\n\n\n\n<figure class=\"wp-block-audio\"><audio controls src=\"https:\/\/radiotripolo.com\/wp-content\/uploads\/2026\/01\/entrevista-lu5oij.mp3\"><\/audio><\/figure>\n\n\n\n<p>Entrevista a Miguel EA7EKZ<\/p>\n\n\n\n<figure class=\"wp-block-audio\"><audio controls src=\"https:\/\/radiotripolo.com\/wp-content\/uploads\/2026\/01\/Entrevista-EA7EKZ-4.mp3\"><\/audio><\/figure>\n\n\n\n<p>Entrevista a Pedro EA7HNE<\/p>\n\n\n\n<p>Diferncia entre activacion y campamento charla <\/p>\n\n\n\n<p>con LU1WGO<\/p>\n\n\n\n<figure class=\"wp-block-audio\"><audio controls src=\"https:\/\/radiotripolo.com\/wp-content\/uploads\/2025\/12\/Campamentos-1.mp3\"><\/audio><\/figure>\n\n\n\n<details class=\"wp-block-details is-layout-flow wp-block-details-is-layout-flow\"><summary>entrevista a EA7BEI Antonio en Cafe en frecuencia<\/summary>\n<figure class=\"wp-block-audio\"><audio controls src=\"https:\/\/radiotripolo.com\/wp-content\/uploads\/2025\/12\/Cafe-en-frecuencia-entrevista-a-EA7BEI-1-1.mp3\"><\/audio><\/figure>\n<\/details>\n\n\n\n<p>entrvista a Jorge CX1SI<\/p>\n\n\n\n<figure class=\"wp-block-audio\"><audio controls src=\"https:\/\/radiotripolo.com\/wp-content\/uploads\/2025\/12\/0712-cafe-en-frecuencia-cx1si-2.mp3\"><\/audio><\/figure>\n\n\n\n<p>Cafe en frecuencia con Adrian Korol<\/p>\n\n\n\n<figure class=\"wp-block-audio\"><audio controls src=\"https:\/\/radiotripolo.com\/wp-content\/uploads\/2025\/12\/korol-2.mp3\"><\/audio><\/figure>\n\n\n\n<p>Entrevista a Carlos LU9VCE Radioastronomia y Espctroscopia<\/p>\n\n\n\n<figure class=\"wp-block-audio\"><audio controls src=\"https:\/\/radiotripolo.com\/wp-content\/uploads\/2025\/08\/programa-100825.mp3\"><\/audio><\/figure>\n\n\n\n<p>Programa Cafe en frecuencia del 20\/07\/2025<\/p>\n\n\n\n<p>Tema,las radios ,con la presencia de Oscar la W2oab<\/p>\n\n\n\n<figure class=\"wp-block-audio\"><audio controls src=\"https:\/\/radiotripolo.com\/wp-content\/uploads\/2025\/07\/pro.2007-3.mp3\"><\/audio><\/figure>\n\n\n\n<p>Cafe en frecuencia entrevista al presidente del radioclub Nahuel Huapi Gustavo LU1VG<\/p>\n\n\n\n<figure class=\"wp-block-audio\"><audio controls src=\"https:\/\/radiotripolo.com\/wp-content\/uploads\/2025\/07\/cafe-en-frecuencia-radiotripolo.mp3\"><\/audio><\/figure>\n\n\n\n<p>Cafe en frecuencia.temaLa radioastronomia.<\/p>\n\n\n\n<figure class=\"wp-block-audio\"><audio controls src=\"https:\/\/radiotripolo.com\/wp-content\/uploads\/2025\/06\/La-radioastronomia.mp3\"><\/audio><\/figure>\n\n\n\n<p>Programa del 15-06 Ys Ls en accion reportaje a Delfina LU7BPM<\/p>\n\n\n\n<figure class=\"wp-block-audio\"><audio controls src=\"https:\/\/radiotripolo.com\/wp-content\/uploads\/2025\/06\/entrevista-Delfina-1.mp3\"><\/audio><\/figure>\n\n\n\n<p><\/p>\n\n\n\n<p><\/p>\n\n\n\n<p>Cafe en frecuencia 25\/05<\/p>\n\n\n\n<p>con Shaul 4z9kgt y Antonio LU1WGO,tema libre.<\/p>\n\n\n\n<figure class=\"wp-block-audio\"><audio controls src=\"https:\/\/radiotripolo.com\/wp-content\/uploads\/2025\/05\/cafe-en-frecuencia-2505-6.mp3\"><\/audio><\/figure>\n\n\n\n<p><\/p>\n\n\n\n<p><\/p>\n\n\n\n<p><\/p>\n\n\n\n<p><\/p>\n\n\n\n<p><\/p>\n\n\n\n<p><\/p>\n\n\n\n<p><\/p>\n\n\n\n<p><\/p>\n<\/div>\n<\/div>\n\n\n\n<div class=\"wp-block-columns is-layout-flex wp-container-core-columns-is-layout-9d6595d7 wp-block-columns-is-layout-flex\">\n<div class=\"wp-block-column is-layout-flow wp-block-column-is-layout-flow\" style=\"flex-basis:100%\">\n<p>radiotripolo.com disponible en:<\/p>\n\n\n\n<div class=\"wp-block-group\"><div class=\"wp-block-group__inner-container is-layout-constrained wp-block-group-is-layout-constrained\">\n<div class=\"wp-block-group\"><div class=\"wp-block-group__inner-container is-layout-constrained wp-block-group-is-layout-constrained\">\n<div class=\"wp-block-columns is-layout-flex wp-container-core-columns-is-layout-9d6595d7 wp-block-columns-is-layout-flex\">\n<div class=\"wp-block-column is-layout-flow wp-block-column-is-layout-flow\">\n<div class=\"wp-block-group is-layout-grid wp-container-core-group-is-layout-9649a0d9 wp-block-group-is-layout-grid\">\n<figure class=\"wp-block-image size-full is-resized\"><a href=\"https:\/\/open.spotify.com\/show\/6uURgJjciKCve5On8w3WK3\" target=\"_blank\" rel=\"noreferrer noopener\"><img loading=\"lazy\" decoding=\"async\" width=\"1024\" height=\"307\" src=\"https:\/\/radiotripolo.com\/wp-content\/uploads\/2024\/01\/Spotify_Logo_CMYK_Green-1024x307-1.png\" alt=\"\" class=\"wp-image-302\" style=\"width:107px;height:auto\" srcset=\"https:\/\/radiotripolo.com\/wp-content\/uploads\/2024\/01\/Spotify_Logo_CMYK_Green-1024x307-1.png 1024w, https:\/\/radiotripolo.com\/wp-content\/uploads\/2024\/01\/Spotify_Logo_CMYK_Green-1024x307-1-300x90.png 300w, https:\/\/radiotripolo.com\/wp-content\/uploads\/2024\/01\/Spotify_Logo_CMYK_Green-1024x307-1-768x230.png 768w\" sizes=\"auto, (max-width: 1024px) 100vw, 1024px\" \/><\/a><\/figure>\n\n\n\n<figure class=\"wp-block-image size-full is-resized\"><img loading=\"lazy\" decoding=\"async\" width=\"350\" height=\"350\" src=\"https:\/\/radiotripolo.com\/wp-content\/uploads\/2024\/10\/69884-lo3go-webradio.webp\" alt=\"\" class=\"wp-image-460\" style=\"width:91px;height:auto\" srcset=\"https:\/\/radiotripolo.com\/wp-content\/uploads\/2024\/10\/69884-lo3go-webradio.webp 350w, https:\/\/radiotripolo.com\/wp-content\/uploads\/2024\/10\/69884-lo3go-webradio-300x300.webp 300w, https:\/\/radiotripolo.com\/wp-content\/uploads\/2024\/10\/69884-lo3go-webradio-150x150.webp 150w\" sizes=\"auto, (max-width: 350px) 100vw, 350px\" \/><\/figure>\n<\/div>\n\n\n\n<div class=\"wp-block-group is-nowrap is-layout-flex wp-container-core-group-is-layout-ad2f72ca wp-block-group-is-layout-flex\">\n<figure class=\"wp-block-image size-large is-resized\"><img decoding=\"async\" src=\"https:\/\/radiotripolo.com\/wp-content\/uploads\/2024\/10\/folitre-1-1024x1005.jpeg\" alt=\"\" class=\"wp-image-463\" style=\"width:76px;height:auto\"\/><\/figure>\n\n\n\n<figure class=\"wp-block-image size-full is-resized\"><img decoding=\"async\" src=\"https:\/\/radiotripolo.com\/wp-content\/uploads\/2024\/10\/descarga-1.jpeg\" alt=\"\" class=\"wp-image-467\" style=\"width:100px;height:auto\"\/><\/figure>\n<\/div>\n<\/div>\n\n\n\n<div class=\"wp-block-column is-layout-flow wp-block-column-is-layout-flow\">\n<div class=\"wp-block-group is-nowrap is-layout-flex wp-container-core-group-is-layout-ad2f72ca wp-block-group-is-layout-flex\">\n<figure class=\"wp-block-image size-full is-resized\"><img loading=\"lazy\" decoding=\"async\" width=\"195\" height=\"183\" src=\"https:\/\/radiotripolo.com\/wp-content\/uploads\/2024\/10\/descarga.jpeg\" alt=\"\" class=\"wp-image-455\" style=\"width:43px;height:auto\"\/><\/figure>\n\n\n\n<figure class=\"wp-block-image size-full is-resized\"><img decoding=\"async\" src=\"https:\/\/radiotripolo.com\/wp-content\/uploads\/2024\/10\/unnamed.png\" alt=\"\" class=\"wp-image-462\" style=\"width:117px;height:auto\"\/><\/figure>\n<\/div>\n\n\n\n<p>                  Radio FM Partner  <\/p>\n<\/div>\n\n\n\n<div class=\"wp-block-column is-layout-flow wp-block-column-is-layout-flow\">\n<div class=\"wp-block-group is-nowrap is-layout-flex wp-container-core-group-is-layout-ad2f72ca wp-block-group-is-layout-flex\">\n<figure class=\"wp-block-image size-large is-resized\"><a href=\"https:\/\/mytuner-radio.com\/es\/emisora\/radio-tripolo-497601\/\" target=\"_blank\" rel=\"noreferrer noopener\"><img decoding=\"async\" src=\"https:\/\/static2.mytuner.mobi\/static\/mytuner\/images\/header\/mytuner_logo.png\" alt=\"\" style=\"width:89px;height:auto\"\/><\/a><\/figure>\n\n\n\n<div class=\"wp-block-group is-nowrap is-layout-flex wp-container-core-group-is-layout-ad2f72ca wp-block-group-is-layout-flex\">\n<div class=\"wp-block-group is-layout-grid wp-container-core-group-is-layout-9649a0d9 wp-block-group-is-layout-grid\">\n<figure class=\"wp-block-image size-full is-resized\"><a href=\"http:\/\/radio.garden\/\" target=\"_blank\" rel=\"noreferrer noopener\"><img loading=\"lazy\" decoding=\"async\" width=\"180\" height=\"180\" src=\"https:\/\/radiotripolo.com\/wp-content\/uploads\/2024\/01\/radio-garden-1.jpg\" alt=\"\" class=\"wp-image-303\" style=\"width:64px;height:auto\" srcset=\"https:\/\/radiotripolo.com\/wp-content\/uploads\/2024\/01\/radio-garden-1.jpg 180w, https:\/\/radiotripolo.com\/wp-content\/uploads\/2024\/01\/radio-garden-1-150x150.jpg 150w\" sizes=\"auto, (max-width: 180px) 100vw, 180px\" \/><\/a><\/figure>\n\n\n\n<figure class=\"wp-block-image size-full is-resized\"><img loading=\"lazy\" decoding=\"async\" width=\"204\" height=\"192\" src=\"https:\/\/radiotripolo.com\/wp-content\/uploads\/2024\/10\/descarga.png\" alt=\"\" class=\"wp-image-464\" style=\"width:93px;height:auto\"\/><\/figure>\n<\/div>\n<\/div>\n<\/div>\n<\/div>\n<\/div>\n<\/div><\/div>\n<\/div><\/div>\n<\/div>\n<\/div>\n\n\n\n<ul class=\"wp-block-list\">\n<li><\/li>\n<\/ul>\n\n\n\n<p><\/p>\n\n\n\n<p><\/p>\n\n\n\n<p><\/p>\n","protected":false},"excerpt":{"rendered":"<p>Radiotripolo.com una radio para radioaficionados,entrevistas y charlas del tema. Si no escuchaste un programa mas abajo hay un reproductor de programas grabados y SDR de Grecia,Italia,EE.UU.Argentina y Brasil Primera radio.radiotripolo.com todo para el radioaficionado Yanky Lima una radio para radioaficionadas Tripolo Musica, que presenta una selecci\u00f3n especial de M\u00fasica Israel\u00ed, llevando los sonidos \u00fanicos de [&hellip;]<\/p>\n","protected":false},"author":2,"featured_media":0,"parent":0,"menu_order":0,"comment_status":"open","ping_status":"open","template":"","meta":{"iawp_total_views":17673,"footnotes":""},"class_list":["post-2","page","type-page","status-publish","hentry"],"_links":{"self":[{"href":"https:\/\/radiotripolo.com\/index.php\/wp-json\/wp\/v2\/pages\/2","targetHints":{"allow":["GET"]}}],"collection":[{"href":"https:\/\/radiotripolo.com\/index.php\/wp-json\/wp\/v2\/pages"}],"about":[{"href":"https:\/\/radiotripolo.com\/index.php\/wp-json\/wp\/v2\/types\/page"}],"author":[{"embeddable":true,"href":"https:\/\/radiotripolo.com\/index.php\/wp-json\/wp\/v2\/users\/2"}],"replies":[{"embeddable":true,"href":"https:\/\/radiotripolo.com\/index.php\/wp-json\/wp\/v2\/comments?post=2"}],"version-history":[{"count":283,"href":"https:\/\/radiotripolo.com\/index.php\/wp-json\/wp\/v2\/pages\/2\/revisions"}],"predecessor-version":[{"id":889,"href":"https:\/\/radiotripolo.com\/index.php\/wp-json\/wp\/v2\/pages\/2\/revisions\/889"}],"wp:attachment":[{"href":"https:\/\/radiotripolo.com\/index.php\/wp-json\/wp\/v2\/media?parent=2"}],"curies":[{"name":"wp","href":"https:\/\/api.w.org\/{rel}","templated":true}]}}